f = -2*o - c, -4*f - 2*o + o = -28. What are the prime factors of f?
2
Let r(u) = 34*u**3 + u**2 - 3*u + 2. List the prime factors of r(1).
2, 17
Suppose 4*h - 4*i = 13828, 3*h - 2*i - 9666 = 705. What are the prime factors of h?
3457
Let m(q) be the second derivative of q**5/20 - 3*q**4/4 - 13*q**3/3 + 11*q**2/2 + 31*q. List the prime factors of m(12).
131
Suppose 0 = 4*d + 2*d - 732. Suppose p - d = -p. What are the prime factors of p?
61
Let h(y) = 12*y**2 - 25*y - 15. Let w be (-5 - -1)*-1 - 1. Let k(d) = -4*d**2 + 8*d + 5. Let r(a) = w*h(a) + 8*k(a). List the prime factors of r(5).
2, 5
Let x = -145 - -494. List the prime factors of x.
349
Suppose 5*x - u = 11331, 2*x - u = 4272 + 261. What are the prime factors of x?
2, 11, 103
Let v(q) = 3*q**2 - 35*q - 139. What are the prime factors of v(35)?
2311
Suppose 2*t + 253 = 3*b, b + t + 12 - 88 = 0. What are the prime factors of b?
3
Let o = -521 + 903. What are the prime factors of o?
2, 191
Let i be (-3)/(-4) - 19/4. Let a be 5 + i - (-3)/1. Let d(k) = -k**3 + 6*k**2 - 3*k. What are the prime factors of d(a)?
2, 5
Suppose 3*c - 30 = -3*l, -4*l = 5*c - 33 - 10. Let x(v) = -v**3 + 6*v**2 + 5*v + 17. Let a be x(l). Suppose -a*m + 5*m - 138 = 0. List the prime factors of m.
3, 23
Let m(f) = 2*f + 16. List the prime factors of m(28).
2, 3
Let z = 5 - 7. Let a(f) = 5*f**2 - 4*f - 5. Let b(h) = -h - 1. Let t(s) = a(s) - b(s). What are the prime factors of t(z)?
2, 11
Let p = 4657 + -1886. List the prime factors of p.
17, 163
Let g be (1 - 8/2) + 19. Let w = g + -9. What are the prime factors of w/21 - 112/(-6)?
19
Suppose t - 2 = 0, -352 = 5*f - 2*t - 4733. List the prime factors of f.
877
List the prime factors of 4 - 18/(6 + -9).
2, 5
Let s(d) = -19 - 3*d**2 - 16*d + 2*d**2 + 7. Suppose 36 = 2*q - 5*q. List the prime factors of s(q).
2, 3
Let m be (-1)/3 + 170/(-30). Let x be 82/8 + m/24. What are the prime factors of ((-14)/(-4))/(x/120)?
2, 3, 7
Let d = -44 + 52. Suppose 4*i = 2*c - 16 - d, 2*c = i + 12. What are the prime factors of c?
2
Suppose -5*k = 5 + 10. Let u(p) = -p**3 - 2*p**2 - 2. What are the prime factors of u(k)?
7
Let m be 1*12/2 - 2. Suppose -g - m*t = -5*t - 10, -3*g + t = -20. Suppose 85 = 5*p - w - 3*w, -g*p + 90 = -5*w. List the prime factors of p.
13
Let r be 1185/(-2 + 7)*2. Suppose 7*x = x + r. List the prime factors of x.
79
Suppose 4*r - 948 = -2*v - 2*v, 0 = 3*r - 15. List the prime factors of v.
2, 29
Let t = -23 - -20. List the prime factors of 163 + ((-9)/t)/(-1 + 0).
2, 5
Let s = -15 + 21. List the prime factors of 10 - (3/1 - s).
13
What are the prime factors of 282/(-3)*(-19 - -7)?
2, 3, 47
Let m be (3 + (2 - 4))/(4/(-84)). List the prime factors of 3/(-21) + (-822)/m.
3, 13
Let k(m) = 0*m + 41*m**3 - m - 42*m**3 + 86 - m**2. List the prime factors of k(0).
2, 43
Let i = 67 - -12. What are the prime factors of i?
79
Let t(z) be the third derivative of 7*z**4/12 - 3*z**3/2 + 10*z**2. What are the prime factors of t(3)?
3, 11
Let r(v) = v**3 + 6*v**2 + 12*v + 6. Let x be r(-4). Let y(s) = -12*s - 5. Let p(h) = 11*h + 6. Let f(z) = -5*p(z) - 4*y(z). List the prime factors of f(x).
2, 3, 5
Let r(z) = -28*z**2 + 5*z - 3. Let t(b) = 55*b**2 - 11*b + 7. Let a(q) = -5*r(q) - 2*t(q). List the prime factors of a(2).
5, 23
Let g(u) = 3*u**3 - u**2 + 4*u - 9. Let q be g(2). Suppose m = -3*m - 3*h + 135, 0 = -4*m - h + 141. Let f = m - q. What are the prime factors of f?
17
Let d(c) = 101*c - 113. List the prime factors of d(11).
2, 499
Let o(u) = 17*u + u + 9*u**2 - 30 - 3*u - u**3. List the prime factors of o(9).
3, 5, 7
Suppose 4*x = -4*q + 2324, 1278 = 3*x - q - 457. What are the prime factors of x?
3, 193
Suppose -55 = -2*f + 35. Let h be 47/(-9) - (-10)/f. List the prime factors of 41 - (-3 - h)/2.
2, 5
Let v = 156 + -50. Let t be 2/(-10) + v/5. Suppose -n + 0 = -t. What are the prime factors of n?
3, 7
Let l(w) be the third derivative of -2*w**4/3 - w**3/6 - 4*w**2. Let q be l(-8). Suppose 4*p - q - 5 = 0. List the prime factors of p.
3, 11
Suppose -7*n - 435 - 258 = 0. Let b = 8 - n. Suppose -2*k + 201 = 3*k + 3*c, 5*c + b = 3*k. What are the prime factors of k?
3, 13
Let y(h) = 2*h**3 - h**2 - 2*h - 2. Let v(u) = -u**2 + 7*u - 3. Let w be v(6). What are the prime factors of y(w)?
37
Let s = 9 + 35. Let t = -3 + s. List the prime factors of t.
41
Suppose -2*p = 2*p. Suppose p = -5*h + h + 268. List the prime factors of h.
67
Let i(f) = -3*f + 43. Let z be i(8). Let h = 92 - z. List the prime factors of h.
73
Let s(l) = -l**3 - 7*l**2 - 4*l + 7. Let x be s(-6). Let k(z) = -11*z - 3. What are the prime factors of k(x)?
2, 13
Let b(t) = t**3 + t**2 + 16 - 5*t + 4*t - 16*t**2 + 3*t**2. Let l be b(12). Suppose -22 + l = -3*a. List the prime factors of a.
2, 3
Let m(y) = -y**2 - 11*y - 13. Let s be m(-9). Suppose 0 = 2*p - s*p + 192. Suppose 5*x - p = 186. List the prime factors of x.
2, 5
Let r = 7 - 5. Let m(g) = 10 + 4*g + r*g - 12. What are the prime factors of m(8)?
2, 23
Suppose 12*s = 4 - 688. Let g = -15 - s. What are the prime factors of g?
2, 3, 7
Let g(d) = -15*d**3 - 3*d**2 + 0 + 2*d - 1 + 16*d**3. Let l be g(3). Let o(r) = r**2 + 6*r + 2. What are the prime factors of o(l)?
3, 19
What are the prime factors of -4 + (-25)/((-275)/21934)?
2, 5, 199
Suppose 5*k = 0, 2*m - 2852 = 7*k + 7648. List the prime factors of m.
2, 3, 5, 7
List the prime factors of 3/9 - ((-6179)/3 + -5).
5, 7, 59
Let c be 250/9 + 6/27. Suppose c = -0*i + 3*i - 2*r, 3*r = -6. List the prime factors of i.
2
Let k = -39 - -66. Suppose -5*l = 2*o + 15, -4*o - l - 3 = -0*l. Suppose o = -2*x - x + k. What are the prime factors of x?
3
Let a(c) = c**2 + 7. Let g be 0 + 2 + (-9 - -6). Let l be (-1 + g)*(-45)/(-18). What are the prime factors of a(l)?
2
Let u = -12 + 23. Suppose -4*s = -6*d + 2*d - 28, -5*d - u = -3*s. List the prime factors of s.
2, 3
Let w(v) be the third derivative of 1/24*v**4 + 11/60*v**5 + 0*v**3 + 0*v + 0 - 5*v**2. List the prime factors of w(1).
2, 3
Suppose 2935 = 5*t - 5*j, 268 = 4*t - j - 2071. What are the prime factors of t?
2, 73
Let j(u) = u**3 - 26*u**2 - 34*u + 250. What are the prime factors of j(31)?
4001
Suppose 0 = 3*u - 2*h + 10, -4*h + 2*h + 10 = -2*u. Suppose u = k - 3*a - 15, k - 52 = -3*k + 4*a. List the prime factors of (6/4)/(k/496).
2, 31
Let i = -339 + 831. What are the prime factors of i?
2, 3, 41
Let m(b) = 111*b**2 - 4*b + 4. What are the prime factors of m(3)?
991
Suppose -6 = -o - 1. Suppose -l = -4*g - g + 32, 26 = o*g - 3*l. Let k(v) = v**3 - 7*v**2 + 5*v - 2. What are the prime factors of k(g)?
3, 11
Let h = -17 - -19. Suppose -2*u + 0*d = 4*d + 14, 5*u - h*d + 35 = 0. Let g(k) = -3*k - 17. List the prime factors of g(u).
2
Let z = -1456 - -3411. What are the prime factors of z?
5, 17, 23
Let t be 12/30 - 3194/10. Let l = -125 - t. Suppose -5*p + 5*d + l = -2*p, 5*p + 5*d = 350. What are the prime factors of p?
2, 17
Suppose -16 = -6*c + 10*c. Let x be 90/(-24) + 1/c. What are the prime factors of 4/(-6)*42/x?
7
Let o(n) = n**3 - 3*n**2 - n - 12. Let u be o(4). Suppose 7*f - 1037 + 36 = u. List the prime factors of f.
11, 13
Suppose -13683 - 8548 = -11*y. List the prime factors of y.
43, 47
Suppose 3*n - 11*n = -6888. List the prime factors of (-2)/4 - (1 + n/(-6)).
2, 71
Let x(v) = -3*v - 4. Let d be x(-2). Let m be ((3 + -4)*-10)/d. Suppose 0 = 5*j - r + 3*r - 239, -m*j = -4*r - 227. What are the prime factors of j?
47
Let z(j) = j**3 - 4*j**2 + 2*j - 5. Let n be z(4). What are the prime factors of n/5 + (-2570)/(-50)?
2, 13
Let b(c) = -37*c**3 - 2*c**2 + c + 2. Let a be b(-1). Let m = a + 69. List the prime factors of m.
3, 5, 7
Let t = -269 - -387. Suppose -5*v = -p + 144, 0 = 5*p + v + t - 708. List the prime factors of p.
7, 17
Let k be -4*3/18 - (-114)/9. Suppose 4*h = -4*n + 160, -4*h + 3*n + 165 = k. What are the prime factors of h?
3, 13
Suppose -19*m - 541 = -u - 15*m, 2*m - 1102 = -2*u. List the prime factors of u.
3, 61
Suppose -15 = 3*b, -2*y - 6*b = -b - 99. Let h = y + 29. What are the prime factors of h?
7, 13
Let v = 80 - 356. List the prime factors of (6/12)/((-2)/v).
3, 23
Let r be (-8)/(-28) - (-103)/7. Suppose 3*y - 8*y - r = 0. Let n = 1 - y. What are the prime factors of n?
2
Suppose 0 = 5*n - q - 707, n = -13*q + 